) + (1 + 16 - (305 - 277)) + 2?
28
What is the value of -160 + (-101 - -260) - (48 + -2 + 1 - 1)?
-47
Evaluate 0 - -54 - (-551 + 596).
9
Evaluate 26 + -39 + 26 + -22 - 29.
-38
-160 - -233 - 74 - 124
-125
Calculate -38 + 0 + (-4 + -1 - (17 - 22) - 8).
-46
What is the value of (9 - (5 + 0 - -3)) + 2 - -71?
74
Calculate -21 + 55 + -31 + 8 - 5.
6
What is the value of -8 + 21 - (16 + 1) - (8 - 80)?
68
27 - (1 + 1 + -17 + -52 + 76)
18
Evaluate (6 - (1 + (-7 - (-3 - -12))) - 2) + 8.
27
What is the value of -35 + 2 + (-366 - -370) + -35?
-64
(26 - -22) + (21 - 1)
68
What is -24 + (11 - 1) - (7 - (2 - 15))?
-34
What is the value of (8 - 24 - (-36 - 20)) + -63?
-23
Evaluate -26 + -10 + 12 + 67 + 6.
49
What is the value of -17 - 4 - (-120 + (32 - (4 + 34)))?
105
-91 + 169 + -22 - (4 - -8)
44
What is (4 + 1 - (21 + -151 - -24)) + 81 + -86?
106
What is (-1 - -31) + (-3318 - -3264)?
-24
(55 - 63) + -57 - 10 - (10 + 1)
-86
What is the value of (-87 - (-4 - 21)) + -19?
-81
-1 + (6 + -26 + 18 - (-8 - 0)) + 8
13
What is the value of (-6 - -3) + 23 + -75 + 63 - -50?
58
Calculate ((-4 - -27) + -49 + 37 - 8) + 44.
47
Calculate 295 - 305 - (-3 - (-6 - -3)).
-10
What is (-8 - (23 + -21)) + 8 + -11 - 44?
-57
-20 - (-62 - -27 - -32) - (50 + -1)
-66
What is the value of (105 + -5 - -11) + -128?
-17
Calculate 67 + 44 + -62 + -37.
12
Evaluate -26 - (-3 + 64 + -409 + 376).
-54
What is the value of -18 - -4 - (-65 + (-11 - (-7 + 3)))?
58
(22 + 0 - (-691 + 703)) + -65
-55
What is the value of -67 + 67 + (16 - 9) + 3?
10
-24 + 19 + (-8 + 2 + 6 - 1)
-6
Calculate -4 + (-4 - (-9 + -5)) + (0 - 14) - -19.
11
-34 + 3 - (6 + -65 + -40)
68
What is the value of -272 + 384 + (-9 - 62)?
41
Evaluate (-19 - (11 + -35)) + (64 + -61 - (34 - 0)).
-26
What is 52 + -81 - (6 + 2)?
-37
What is -134 + 7 - (48 - (57 + 10))?
-108
Evaluate 5 - -9 - ((-31 - 43 - 23) + 29).
82
What is the value of 2 - 16 - ((25 - (149 - 8)) + 32)?
70
-15 + -27 - (31 + -58)
-15
What is the value of (-2 - -4) + -19 + (-17 + 7 - 0 - -3)?
-24
Calculate -566 + 565 + (38 - 1).
36
What is the value of -12 + 61 - (-889 + 875)?
63
(-2 - (0 - 3)) + (-32 - (-114 + -20))
103
Calculate 17 + 1 - (-86 - (-45 + -44)).
15
Evaluate 105 + (7 - (13 + -23)) + (2 - 37).
87
(6 - (14 + (-3 - 17 - -12))) + 71 + 16
87
Evaluate 6 - (-2 + -2 + -8 + 24 + (-5 - 7)).
6
What is the value of 47 - (-11 - -18) - 60?
-20
What is 35 - ((9 + -2 - (-22 + 11 - -11)) + -8)?
36
Calculate -108 - -101 - (-6 - (-45 - -21 - (-1 - -5))).
-29
What is 8 - (70 - (-3 + 2 - ((10 - 7) + -8)))?
-58
What is the value of (17 + 9 - (5 - -7 - 0)) + -13 - 5?
-4
Calculate 848 - 907 - (-1 - -17).
-75
What is (0 - (-5 + 5 + -4)) + -17 - (-43 + 96)?
-66
What is the value of 270 - 213 - (11 - -25) - 165?
-144
0 + (-36 - -10) + 22 + 4
0
What is the value of -14 - (10 + -16 + (9 + -11 - -9))?
-15
Evaluate 31 + (-34 - 20) + 1.
-22
Evaluate -72 - (-67 + (12 - -21)) - -4.
-34
Evaluate (3 + 3 + -1 - (1 - (10 + -13))) + -49.
-48
Evaluate -30 + (-16 - 25) + 42.
-29
What is -8 + ((1 - -2 - 12) + 73 - -2 - 6)?
52
Evaluate (-194 + 160 - (-13 + -32)) + (0 - 58).
-47
What is the value of -33 + 17 + (0 - 25) + 12?
-29
What is -87 + 2 + (-14 - -23 - (2 + -9))?
-69
What is 87 - 0 - (-13331 + 13399)?
19
43 + (-7 + -17 - 25) + -148
-154
-11 + -1 - (-6 + (-3 - 9) - 5 - 4)
15
Evaluate (-69 - (-60 + -15)) + (3 - 31).
-22
Evaluate -78 + (-10 - (15 + -12 - 27)).
-64
Evaluate -134 + (215 - 97) + -19.
-35
What is -4 - (-8 + (-1 - -10) - 37) - -1?
33
What is the value of -16 - (13 - 18) - 13 - (-2 + 13)?
-35
(1 - -92) + (1 - 18 - ((21 - 6) + -27))
88
What is -2 + 10 + (-61 - (-22 - -11))?
-42
Evaluate -3 + -13 - -7 - 0 - (2 + -7 + -6).
2
What is the value of (-3 - 68) + (28 + -75 - -40)?
-78
Calculate (-408 - -385) + (-3 + -2 + 2 - -16) - 35.
-45
What is (23 - (1 - -16)) + (-16 - -28)?
18
Calculate -36 - (-3 - (16 + (-25 - 11) - -5)).
-48
Evaluate (0 + (6 - 0) - -1) + (-43 - -9) + 7.
-20
-19 + (-7 - 8 - 4) + (-2 - (-3 + 0))
-37
Calculate 120 + (-445 + 444 - (1 + 28)).
90
What is -12 - (-17 + -20 + (1 - (-3 - 2)))?
19
What is 16281 + -16203 + (0 - 32)?
46
(9 - -3 - (-2 + -7)) + (-5 - 5) - 52
-41
What is 25 + (5 + -43 - 3)?
-16
Evaluate -1 + -39 + 1 + 19 + -40 + -1 + 36.
-25
-5 + 8 + 13 + -3 + -4 + 14
23
What is the value of 727 - 801 - (23 + -98)?
1
What is the value of -22 - ((-4 + 3 - -19) + -29)?
-11
Calculate 68 + -7 + (9 - (24 - 23)) + -9.
60
Evaluate -11 + 1 + (-101 - (173 + -203)).
-81
Evaluate (292 - 302) + -45 + (-5 - -8).
-52
What is 13 - (-48 + (177 - 56) - (0 - (-2 + -9)))?
-49
Calculate 35 + -22 - (111 - (-1 - -8)).
-91
What is 109 - (8 + 1 - (-19 + (0 - -20))) - 12?
89
Calculate -14 - ((-7 - (16 - 7)) + -5) - (-15 - 1).
23
What is -13972 + 14045 + (15 - 1)?
87
-41 - (-5 - (3 - 45))
-78
-100 + (-29 - -8 - -38) + 1
-82
Calculate 20 + -34 - (19 + 11 + 39).
-83
Calculate -53 - (-102 - (-117 + 121)).
53
Evaluate -1 + 29 - 20 - (6 + -7).
9
Calculate 3 + ((13 - -17) + -24 + (1 - 38) - 2).
-30
(26 - 168) + (-14 - (-4 + 1 + -10))
-143
What is the value of 16 + -11 + 5 - (-1 - -110 - (-29 + 42))?
-86
61 + 5 - (3 + -12) - (-25 + 7 + 17)
76
What is the value of 1011 + -990 - (-1 - -79 - -2)?
-59
Evaluate 121 + -131 + 2 + 0 + 12 - 41.
-37
Evaluate (-6 - -53) + 19 - (-2 - 1 - (28 + -23)).
74
Evaluate (-3 - 0) + (-315 - -312) + 20.
14
What is 2 + (-29 + -42 - -6 - (-7 - -14))?
-70
What is (6 - -3) + (-46 - 13 - 0) + 2?
-48
What is the value of (-55 + 7 - -4) + 0 + -19?
-63
What is the value of 3 - 1 - (13 + -3 + 2 - 4)?
-6
-3 + (-19 + 13 - -24 - 23 - 9)
-17
Evaluate 18 + (-5 - 3) + -120 + 45.
-65
Calculate 14 + 3 + -2 + (-11 - -24) + -22 + 24.
30
What is (8 - 28) + (153 - 114)?
19
Evaluate -33 + (-79 + -2 - -8 - -25).
-81
1193 - 1191 - ((-2 - -1) + 2) - 54
-53
What is 78 - (-10 - (-36 - 23))?
29
Calculate -46 + 106 + (-41 - 8).
11
What is -4 + -22 - (-17 + (-53 - -14))?
30
Calculate 5 + (2 + -47 - -2) - -4 - (366 + -369).
-31
1 - 5 - -53 - -4 - ((13 - 15) + 10)
45
What is the value of 12 - (87 - -12 - 24) - -20?
-43
What is 2 - (-2 - -4) - ((2 - -1) + -28 + 37)?
-12
Calculate -106 + 50 + 11 - -17.
-28
Evaluate 49 + (-33 - 12) + -6.
-2
Calculate 28 + (19 - 9) + (-8 - 3).
27
-72 + -5 + 1 + 203 + -194
-67
6 + -3 + (-9 - -51) + (-27 - 36)
-18
What is (52 - (0 - (-4 + 20))) + -5?
63
What is 128 - (-139 - (108 + -247))?
128
-40 + 89 + -50 + -43
-44
What is 73 + -40 + -31 + 58?
60
What is the value of -3 - 10 - ((-8 - -8) + 39 - (51 + -43))?
-44
What is the value of 19 + -31 + 11 - (0 - (42 - 6))?
35
Evaluate 15 + -2 - (1068 + -1078).
23
What is 0 + (56 - 31) + 9 + 5?
39
What is 18 + (13 - 24) + 18 + -89?
-64
(56 - -2) + (-45 - -24) - -27
64
(-29 + 62 + -45 - -114) + 2
104
What is -21 + (-17 - 18) + 30 - 3?
-29
What is the value of (4 - 7) + -684 + 643?
-44
Calculate 19 + -23 + -50 + -12 - (-6 - (-2 - 5)).
-67
What is -63 - (-73 + (-45 - -92))?
-37
Evaluate 7 + -1 + 6 - (-6 + 35 + -6) - -104.
93
What is the value of 30 + 38 + -78 - (-7 + -1) - 22?
-24
Evaluate -55 + 32 - (-46 + 3) - (-12 - 38).
70
Calculate (30 - (-1 - -2)) + -38 + 6 + 41.
38
Evaluate (-1 + -2 - 0) + -22 + 294 + -284.
-15
Evaluate (122 - 6) + 557 + -614.
59
-17 + (21 - 9) + 21 + -3 + 4
17
32 + (36 - (44 - -20))
4
-4 + -12 + -1 + 15 + 12 - 6
4
(6 - (67 - -21)) + -16 - -37
-61
What is -211 + (-332 - -524) - (1 + -156)?
136
What is the value of 10 - (-12 + 41 + (26 + -5 - 12 - 6))?
-22
Calculate -10 + -36 + 49 - (2 + 9 - 2) - 10.
-16
Calculate (-77 - (12 + -57)) + -2.
-34
What is (5 - 5 - -3) + 0 + (-8 - 13) - -6?
-12
Evaluate -7 - ((5 - 2 - 15) + 8).
-3
Evaluate (1 - -2 - 17) + 75 + -17 + -164.
-120
Calculate (7 - 1) + (13 - (34 + -5)) - -49.
39
What is 40 + -43 + (7 - 5 - -10) + -7?
2
What is the value of -22 - (82 + -45 - 92)?
33
What is the value of (4 - (-6 - -18)) + (-46 - -3)?
-51
What is the value of (-5 + 8 + 1 + -1 - (-4 - 58)) + -8?
57
What is 43 + (62 + -48 - 29)?
28
What is 27 + 69 + -39 + -46?
11
What is the value of 51 - -1 - ((8 - -29) + -37)?
52
(122 - 63) + 8 + 0
67
Calculate 3 + 22 - (5 + -25 + 29).
16
What is the value of -59 - (38 + -51 + -50)?
4
Calculate -18 + (-7 - (-52 + 27) - (9 - -1)).
-10
Evaluate -24 + 46 + (4 + -1 - (-6 - -74)).
-43
What is -25 - 0 - (144 + (-191 - -10))?
12
Evaluate (39 - 2) + (-476 - -396).
-43
Ca